se 8*c - 3*c - 14747 = -3*n, 4*n = 2*c + 19680. What is the units digit of n?
9
Let x = -1 - -5. What is the units digit of -1*((-135)/3 - x)?
9
Let x be -4*(7 - (-1 - -2)). Let b be (-6)/(3 + x/4). Suppose -b*h + 0*h + 50 = 0. What is the units digit of h?
5
Let g(t) = 6*t**2 + 11*t - 11. Let q be g(-8). Suppose -2*l = -q + 11. What is the hundreds digit of l?
1
Suppose g = 4*w - 5, 0 = -2*w - 3*w + 10. What is the tens digit of 53 - (-3 - 3/g)?
5
Let j(g) = g**3 + 12*g**2 + 10*g + 9. Let k be j(-9). Let h = k - -3. What is the hundreds digit of h?
1
Suppose 0 = -5*c + 974 - 159. Let t = -70 + c. What is the units digit of t?
3
Let j be (-4)/(2280/1145 - 2). Suppose -6*x - 8 = -j. What is the units digit of x?
5
Suppose -124 = -7*r + 3*r. Let t = r + 37. What is the units digit of t?
8
Suppose 5 + 5 = 5*v. Let z(n) = 5*n**2 + 2*n - 2. Let l be z(1). What is the tens digit of ((-192)/(-15))/(v/l)?
3
Suppose k + 5*u - 9 = 0, 2*k + 10 - 23 = -5*u. Suppose k*l - 19 = 197. What is the units digit of l?
4
Suppose 21 = s - 4. Let p = s - -35. What is the units digit of p?
0
Suppose 0*s + 3*s + 39 = 0. Let d = -5 - s. What is the tens digit of -3 + 8*44/d?
4
Let z(r) = 30*r**2 + 121*r. What is the units digit of z(-8)?
2
What is the hundreds digit of 8/(-32)*-2012 - 2*2?
4
Suppose 3*t - 4*z - 32 = 0, 12 = 4*t + z + 1. What is the units digit of (t/(-5))/(2 - (-966)/(-480))?
4
Let x(s) be the second derivative of s**4/3 + 5*s**3/6 - 17*s**2/2 - 7*s. What is the tens digit of x(-5)?
5
Let h(r) = 2*r - 22. Let b be h(12). Let j(a) = 6*a**b + 3*a - 2*a**2 + a + 1 - 3*a. What is the tens digit of j(3)?
4
Suppose b - 4*c = 235, 5*b - 4*c - 1370 = -179. Suppose l - 2*l = o - b, 466 = 2*o - l. What is the hundreds digit of o?
2
Suppose -4*j = -3*h - 3261, 5*j - 2*h = -6*h + 4053. What is the hundreds digit of j?
8
What is the hundreds digit of (4 - 5)/(4/(-1744))?
4
Let j(t) = -11*t - 14. Let r = 15 - 21. Let f be j(r). Suppose -q - 3*q = -f. What is the units digit of q?
3
Let q(w) = w**2 + w - 1. Let f be q(-2). What is the tens digit of (6/6)/(f/39)?
3
Let x(s) = 2*s - 16. Let k(u) = -u + 20. Let q be k(11). Let a be x(q). Suppose 0 = a*l - 43 - 13. What is the tens digit of l?
2
Let w(i) = 4*i + 4. Let b be w(-1). Suppose b = -17*u + 20*u - 252. What is the units digit of u?
4
Let g be (6/(-15))/(8/(-20)). Suppose -3*p - 5*o + 47 = 0, 2*o + 5 - g = 0. Let b = -6 + p. What is the tens digit of b?
1
Suppose 3645 = 5*t + 5*z, -644 = -t - 3*z + 83. What is the tens digit of t?
3
Let n(u) = -u**3 + u**2 + 3. Let w be n(0). Suppose 0 = 3*c - 18 - w. Let x(i) = 4*i - 6. What is the tens digit of x(c)?
2
Let y(m) = -4*m + 9. Let a be y(-12). Suppose -6 = v - a. What is the tens digit of v?
5
Suppose i + 3*p = 3314, -16*i + 9997 = -13*i - 2*p. What is the tens digit of i?
2
Suppose -9248 = -36*r + 1660. What is the units digit of r?
3
Let w be 12 - 0 - -2 - 1. Let y(p) = -2*p + 15. Let h be y(6). Let n = w + h. What is the tens digit of n?
1
Suppose 525*o - 512*o = 702. Let x be (0 - -2) + -29 + -2. Let f = o + x. What is the units digit of f?
5
What is the tens digit of 40719/14 - (-6)/48*4?
0
Suppose 6*p - 2067 - 69 = 0. What is the units digit of p?
6
Let x = 11 + 1. Suppose 2 = 2*z, -4*z = -p + z + x. What is the tens digit of p?
1
Let x be 5/((-30)/(-39)) - (-3)/6. Suppose -x*w + 0*w + 812 = 0. What is the hundreds digit of w?
1
Suppose 23 = 5*g + 2*j, 0*g - g + j = -6. Suppose g*r + 360 = 1430. What is the hundreds digit of r?
2
Suppose 32 = 10*p - 128. What is the tens digit of p?
1
Let b be (8 - 0)*(-2 - -1). Let v = b - -8. Suppose -c + v*c = -3. What is the units digit of c?
3
Let m(z) = 36*z - 2. Let v be m(3). Suppose 4*b + v = 6. Let j = b + 33. What is the units digit of j?
8
Suppose -4*z - 278*l + 279*l = -12687, 5*l - 12693 = -4*z. What is the thousands digit of z?
3
Let j(o) = 0*o + 2*o + 8 + 1 + o. Let a be j(-4). What is the units digit of ((-147)/(-3) + a)/2?
3
Suppose 13*q - 8*q - 15 = 0. Suppose 49 = q*f - 302. What is the units digit of f?
7
Let i = 539 - 370. Let w be ((-428)/6)/((-80)/(-120)). Let p = i + w. What is the units digit of p?
2
Let o = 79 - 52. Let q = o + 14. What is the tens digit of q?
4
Let g(j) be the second derivative of 2*j**3/3 + 6*j**2 + 22*j. What is the tens digit of g(11)?
5
Suppose -3*l + 2 = -19. Suppose 435 = l*f - 286. What is the hundreds digit of f?
1
Suppose 5*z + 9*k = 10*k + 1640, -2*k + 1312 = 4*z. Suppose -2*a + 4*r + z = 0, 0 = 2*a - 3*r - 243 - 90. What is the units digit of a?
4
Let p(w) = w**2 - 6*w - 1. Let k be p(6). Suppose 2*d + 6*f - 28 = 2*f, 0 = 5*d - 5*f + 5. What is the units digit of k*d*(-18)/12?
6
Let y be (2 + 0)/(-1) - (98 - 99). Suppose 0 = -3*a - 2*s + 4*s - 85, -a = -2*s + 23. Let f = y - a. What is the units digit of f?
0
Suppose 0 = -2*r + 4*r - 2. Suppose -3*b - 43 = -5*t + b, -r = -t - 3*b. What is the units digit of t?
7
Let b(s) = -s**2 + 9*s - 7. Let y be b(6). Suppose -4*n + y = k - 14, 2*k + 2*n - 20 = 0. What is the units digit of k?
5
Suppose -5*y + 5 = -5. Suppose 1 = 2*t - c, -15 = -y*t - 3*c - 2. Suppose 2*f + t*j = 18, -4*f + 18 = -4*j - 2. What is the units digit of f?
7
Let i be (3/(-5))/(2/(-40)). Suppose -1 = y, -4*f + i*y = 7*y - 309. What is the units digit of f?
6
Let l(o) = 146*o - 256. What is the tens digit of l(8)?
1
Let o = 13 - 16. Let b be (-5)/(5/o) - -1. What is the tens digit of 28 + 0/b - -2?
3
Let m = 348 + -36. What is the units digit of m?
2
What is the hundreds digit of 341/(6 - 2 - 3)?
3
What is the thousands digit of ((-90)/12 - -7)*-4806?
2
Suppose 0 = -v, 0 = -5*f - 3*v + 17921 + 5344. What is the tens digit of f?
5
Let g(s) = 7*s**3 - 4*s**2 + 3*s - 7. Suppose 0 = -4*i - 2*k - 2 + 6, 0 = 2*i + 5*k + 14. What is the units digit of g(i)?
5
Suppose o - 15 = -2*v, 5*o = 2*v + 2*o + 5. Let g(u) = 5*u + 8. Let y be g(3). Let f = y - v. What is the tens digit of f?
1
Suppose -4*j + 158 = 2*y, 5*y - 351 = 29*j - 28*j. What is the units digit of y?
1
Let a(j) be the first derivative of -j**4/4 + 7*j**3/3 + 6*j**2 - 10*j - 2. Suppose -5*l - 2*y + 38 = 0, -2*y - 20 = -2*l + 2*y. What is the tens digit of a(l)?
2
Suppose 0 = 6*g - g. Suppose g = -0*v + 2*v + 4. Let z(p) = -4*p**3 - 3*p**2 - 4*p - 3. What is the tens digit of z(v)?
2
Let p be 5/(((-15)/(-357))/(-5)). Let v = p + 836. What is the hundreds digit of v?
2
Suppose -35 = l - 6*l. Suppose 0 = -l*f + 725 - 53. What is the tens digit of f?
9
Suppose -5*k + 361 = -1469. What is the tens digit of k?
6
Suppose 23*w - 4695 = -1153. What is the hundreds digit of w?
1
Let g = 6084 - 4324. What is the units digit of g?
0
Let h(s) = s**2 + s + 1. Let f(d) = 9*d**2 + d + 7. Let b(y) = f(y) - 6*h(y). Let j(o) = 4*o**2 - 11*o - 11. Let m be j(-1). What is the units digit of b(m)?
9
Let n(b) = 67*b**2 - b + 5. What is the tens digit of n(-2)?
7
Let c(k) = 483*k**2 - 32*k - 66. What is the hundreds digit of c(-2)?
9
Let a be ((-5)/(15/9))/(-1). Let x(i) = -23*i - i**a - 5*i**2 + 14*i + 18*i. What is the units digit of x(-7)?
5
Suppose -2129 + 19605 = 34*p. What is the tens digit of p?
1
Let l = -386 - -2538. What is the thousands digit of l?
2
Suppose -5*d = 16 - 671. What is the tens digit of d?
3
Suppose 5*i - 190 = -65. Suppose i*o = 26*o + 5. What is the units digit of (-235)/o*(2 + -1)?
7
Let y = -3 - -14. Suppose 5*k = 74 + y. What is the tens digit of k?
1
Let n = 38 - -6. Suppose 0 = 7*p - 5*p - n. What is the tens digit of p?
2
Let p(z) = -5*z - 3 + 9*z + z + 2. What is the units digit of p(7)?
4
Let g = 461 - -1180. What is the thousands digit of g?
1
Suppose 5*d + 5*t + 36 + 104 = 0, 5*t = -20. What is the tens digit of (152/(-10))/(d/60)?
3
Let s be -52*(45/(-20) - -2). Suppose 118 = 4*l - 2*c, -l - 29 = -2*l + c. Let z = l + s. What is the tens digit of z?
4
Let z = 62 - -9. Let k = -66 + z. What is the units digit of k?
5
Let q be (24/(-14))/(16/(-56)). Suppose -q*m = -0 - 30. Suppose m*o = 4*o + 11. What is the tens digit of o?
1
Let k = 2668 + -1297. What is the units digit of k?
1
What is the units digit of ((-180)/135)/(2/(-264))?
6
Let u(y) = 28*y - 93. What is the units digit of u(8)?
1
Suppose -135*z = -141*z + 13404. What is the tens digit of z?
3
Let p(d) be the first derivative of 